{"id":72993,"date":"2026-04-27T14:46:12","date_gmt":"2026-04-27T12:46:12","guid":{"rendered":"https:\/\/www.balliuexport.com\/?post_type=product&#038;p=72993"},"modified":"2026-04-27T15:23:58","modified_gmt":"2026-04-27T13:23:58","slug":"coixi-sofa-etna","status":"publish","type":"product","link":"https:\/\/www.balliuexport.com\/ca\/producte\/coixi-sofa-etna\/","title":{"rendered":"Coix\u00ed sof\u00e0 Etna"},"content":{"rendered":"<p><span style=\"color: #7a7a7a;\">Recanvi de coix\u00ed per al model de<\/span> <span style=\"color: #006eb7;\"><a style=\"color: #006eb7;\" href=\"https:\/\/www.balliuexport.com\/ca\/producte\/sofa-etna\/\" target=\"_blank\" rel=\"noopener\"><strong>sof\u00e0 Etna<\/strong><\/a> , <span style=\"color: #7a7a7a;\">el recanvi inclou el teixit<\/span> <strong>acr\u00edlic<\/strong> <span style=\"color: #7a7a7a;\">i la seva escuma interior <b>.<\/b><\/span><\/span><\/p>\n<p><span style=\"color: #7a7a7a;\">Teixit acr\u00edlic fabricat amb fibra acr\u00edlica 100% tintada en massa, que evita la condensaci\u00f3 de la calor i la humitat. Protecci\u00f3 antimicrobiana que protegeix contra males olors, la humitat, la floridura i les taques. Tractament repel\u00b7lent a l&#8217;aigua i l&#8217;oli. Resistent als raigs UV amb un \u00edndex de resist\u00e8ncia de 7 sobre 8.   <\/span><\/p>\n<p><span style=\"color: #7a7a7a;\">Nom\u00e9s compatible amb els models originals<\/span> <strong><span style=\"color: #006eb7;\">Balliu,<\/span><\/strong> <span style=\"color: #7a7a7a;\">el recanvi serveix per a les 3 versions del sof\u00e0 Etna.<\/span><\/p>\n<ul>\n<li><span style=\"color: #7a7a7a;\">Els teixits<\/span> <span style=\"color: #7a7a7a;\">estan especialment concebuts per resistir-ne un \u00fas prolongat i presentar una alta resist\u00e8ncia al desgast. Per mantenir un aspecte net i endre\u00e7at, es <\/span> <span style=\"color: #7a7a7a;\">recomana eliminar peri\u00f2dicament la brut\u00edcia, l&#8217;oli bronzejador i qualsevol producte s\u00f2lid que hagi quedat adherit al teixit. Tingueu en compte els factors seg\u00fcents:<\/span><\/li>\n<li><span style=\"color: #7a7a7a;\">La neteja regular s&#8217;ha de fer amb un sistema d&#8217;aigua a pressi\u00f3.<\/span><\/li>\n<li><span style=\"color: #7a7a7a;\">En cas que presenti algun tipus de brut\u00edcia, s&#8217;ha d&#8217;eliminar com m\u00e9s aviat millor amb un raspall suau, ruixant per sobre de la tela una soluci\u00f3 composta per detergent suau dissolt en aigua. Aclariu b\u00e9 despr\u00e9s de la neteja.<\/span><br \/>\n<span style=\"color: #7a7a7a;\">No utilitzeu lleixiu ni cap tipus de dissolvent.<\/span><\/li>\n<\/ul>\n","protected":false},"excerpt":{"rendered":"<p><strong><span style=\"color: #006eb7;\">Preu sense IVA incl\u00f2s<\/span><\/strong><\/p>\n","protected":false},"featured_media":8488,"template":"","meta":{"_acf_changed":false},"product_brand":[],"product_cat":[3558,828],"product_tag":[],"class_list":{"0":"post-72993","1":"product","2":"type-product","3":"status-publish","4":"has-post-thumbnail","6":"product_cat-recanvi-teixit-sofa","7":"product_cat-recanvis","9":"first","10":"instock","11":"taxable","12":"shipping-taxable","13":"purchasable","14":"product-type-variable"},"bundled_by":[],"bundle_stock_status":"instock","bundle_stock_quantity":null,"bundle_virtual":false,"bundle_layout":"","bundle_add_to_cart_form_location":"","bundle_editable_in_cart":false,"bundle_sold_individually_context":"","bundle_item_grouping":"","bundle_min_size":"","bundle_max_size":"","bundle_price":[],"bundled_items":[],"bundle_sell_ids":[],"acf":[],"_links":{"self":[{"href":"https:\/\/www.balliuexport.com\/ca\/wp-json\/wp\/v2\/product\/72993","targetHints":{"allow":["GET"]}}],"collection":[{"href":"https:\/\/www.balliuexport.com\/ca\/wp-json\/wp\/v2\/product"}],"about":[{"href":"https:\/\/www.balliuexport.com\/ca\/wp-json\/wp\/v2\/types\/product"}],"wp:featuredmedia":[{"embeddable":true,"href":"https:\/\/www.balliuexport.com\/ca\/wp-json\/wp\/v2\/media\/8488"}],"wp:attachment":[{"href":"https:\/\/www.balliuexport.com\/ca\/wp-json\/wp\/v2\/media?parent=72993"}],"wp:term":[{"taxonomy":"product_brand","embeddable":true,"href":"https:\/\/www.balliuexport.com\/ca\/wp-json\/wp\/v2\/product_brand?post=72993"},{"taxonomy":"product_cat","embeddable":true,"href":"https:\/\/www.balliuexport.com\/ca\/wp-json\/wp\/v2\/product_cat?post=72993"},{"taxonomy":"product_tag","embeddable":true,"href":"https:\/\/www.balliuexport.com\/ca\/wp-json\/wp\/v2\/product_tag?post=72993"}],"curies":[{"name":"wp","href":"https:\/\/api.w.org\/{rel}","templated":true}]}}

Coixí sofà Etna

<p><span style="color: #7a7a7a;">Recanvi de coixí per al model de</span> <span style="color: #006eb7;"><a style="color: #006eb7;" href="https://www.balliuexport.com/ca/producte/sofa-etna/" target="_blank" rel="noopener"><strong>sofà Etna</strong></a> , <span style="color: #7a7a7a;">el recanvi inclou el teixit</span> <strong>acrílic</strong> <span style="color: #7a7a7a;">i la seva escuma interior <b>.</b></span></span></p>
<p><span style="color: #7a7a7a;">Teixit acrílic fabricat amb fibra acrílica 100% tintada en massa, que evita la condensació de la calor i la humitat. Protecció antimicrobiana que protegeix contra males olors, la humitat, la floridura i les taques. Tractament repel·lent a l&#8217;aigua i l&#8217;oli. Resistent als raigs UV amb un índex de resistència de 7 sobre 8.   </span></p>
<p><span style="color: #7a7a7a;">Només compatible amb els models originals</span> <strong><span style="color: #006eb7;">Balliu,</span></strong> <span style="color: #7a7a7a;">el recanvi serveix per a les 3 versions del sofà Etna.</span></p>
<ul>
<li><span style="color: #7a7a7a;">Els teixits</span> <span style="color: #7a7a7a;">estan especialment concebuts per resistir-ne un ús prolongat i presentar una alta resistència al desgast. Per mantenir un aspecte net i endreçat, es </span> <span style="color: #7a7a7a;">recomana eliminar periòdicament la brutícia, l&#8217;oli bronzejador i qualsevol producte sòlid que hagi quedat adherit al teixit. Tingueu en compte els factors següents:</span></li>
<li><span style="color: #7a7a7a;">La neteja regular s&#8217;ha de fer amb un sistema d&#8217;aigua a pressió.</span></li>
<li><span style="color: #7a7a7a;">En cas que presenti algun tipus de brutícia, s&#8217;ha d&#8217;eliminar com més aviat millor amb un raspall suau, ruixant per sobre de la tela una solució composta per detergent suau dissolt en aigua. Aclariu bé després de la neteja.</span><br />
<span style="color: #7a7a7a;">No utilitzeu lleixiu ni cap tipus de dissolvent.</span></li>
</ul>

<p><strong><span style="color: #006eb7;">Preu sense IVA inclòs</span></strong></p>
