{"id":73196,"date":"2026-04-27T15:32:13","date_gmt":"2026-04-27T13:32:13","guid":{"rendered":"https:\/\/www.balliuexport.com\/producto\/recanvi-teixit-cadira-etna\/"},"modified":"2026-04-27T15:32:13","modified_gmt":"2026-04-27T13:32:13","slug":"recanvi-teixit-cadira-etna","status":"publish","type":"product","link":"https:\/\/www.balliuexport.com\/ca\/producte\/recanvi-teixit-cadira-etna\/","title":{"rendered":"Recanvi teixit cadira Etna"},"content":{"rendered":"<p><span style=\"color: #7a7a7a;\">La cadira Etna \u00e9s tot un referent del mobiliari exterior de Balliu. El disseny cl\u00e0ssic, atemporal i extraordin\u00e0riament vers\u00e0til la converteix en una pe\u00e7a imprescindible per a qualsevol entorn. Les seves l\u00ednies suaus i lleugerament corbades no nom\u00e9s realcen la seva <strong>est\u00e8tica elegant<\/strong> , sin\u00f3 que tamb\u00e9 proporcionen un confort superior a cada \u00fas. El seu <strong>teixit substitu\u00efble<\/strong> est\u00e0 pensat per facilitar el manteniment sense renunciar al disseny. El recanvi nom\u00e9s inclou el teixit.    <\/span><\/p>\n","protected":false},"excerpt":{"rendered":"<p>La cadira Etna \u00e9s tot un referent del mobiliari exterior de Balliu. El disseny cl\u00e0ssic, atemporal i extraordin\u00e0riament vers\u00e0til la converteix en una pe\u00e7a imprescindible per a qualsevol entorn. Les seves l\u00ednies suaus i lleugerament corbades no nom\u00e9s realcen la seva est\u00e8tica elegant , sin\u00f3 que tamb\u00e9 proporcionen un confort superior a cada \u00fas. El seu teixit substitu\u00efble est\u00e0 pensat\u2026<\/p>\n","protected":false},"featured_media":70827,"template":"","meta":{"_acf_changed":false},"product_brand":[],"product_cat":[828,3647],"product_tag":[],"class_list":{"0":"post-73196","1":"product","2":"type-product","3":"status-publish","4":"has-post-thumbnail","6":"product_cat-recanvis","7":"product_cat-recanvi-teixit-cadira","9":"first","10":"instock","11":"taxable","12":"shipping-taxable","13":"purchasable","14":"product-type-variable"},"bundled_by":[],"bundle_stock_status":"instock","bundle_stock_quantity":null,"bundle_virtual":false,"bundle_layout":"","bundle_add_to_cart_form_location":"","bundle_editable_in_cart":false,"bundle_sold_individually_context":"","bundle_item_grouping":"","bundle_min_size":"","bundle_max_size":"","bundle_price":[],"bundled_items":[],"bundle_sell_ids":[],"acf":[],"_links":{"self":[{"href":"https:\/\/www.balliuexport.com\/ca\/wp-json\/wp\/v2\/product\/73196","targetHints":{"allow":["GET"]}}],"collection":[{"href":"https:\/\/www.balliuexport.com\/ca\/wp-json\/wp\/v2\/product"}],"about":[{"href":"https:\/\/www.balliuexport.com\/ca\/wp-json\/wp\/v2\/types\/product"}],"wp:featuredmedia":[{"embeddable":true,"href":"https:\/\/www.balliuexport.com\/ca\/wp-json\/wp\/v2\/media\/70827"}],"wp:attachment":[{"href":"https:\/\/www.balliuexport.com\/ca\/wp-json\/wp\/v2\/media?parent=73196"}],"wp:term":[{"taxonomy":"product_brand","embeddable":true,"href":"https:\/\/www.balliuexport.com\/ca\/wp-json\/wp\/v2\/product_brand?post=73196"},{"taxonomy":"product_cat","embeddable":true,"href":"https:\/\/www.balliuexport.com\/ca\/wp-json\/wp\/v2\/product_cat?post=73196"},{"taxonomy":"product_tag","embeddable":true,"href":"https:\/\/www.balliuexport.com\/ca\/wp-json\/wp\/v2\/product_tag?post=73196"}],"curies":[{"name":"wp","href":"https:\/\/api.w.org\/{rel}","templated":true}]}}

<p><span style="color: #7a7a7a;">La cadira Etna és tot un referent del mobiliari exterior de Balliu. El disseny clàssic, atemporal i extraordinàriament versàtil la converteix en una peça imprescindible per a qualsevol entorn. Les seves línies suaus i lleugerament corbades no només realcen la seva <strong>estètica elegant</strong> , sinó que també proporcionen un confort superior a cada ús. El seu <strong>teixit substituïble</strong> està pensat per facilitar el manteniment sense renunciar al disseny. El recanvi només inclou el teixit.    </span></p>

<p>La cadira Etna és tot un referent del mobiliari exterior de Balliu. El disseny clàssic, atemporal i extraordinàriament versàtil la converteix en una peça imprescindible per a qualsevol entorn. Les seves línies suaus i lleugerament corbades no només realcen la seva estètica elegant , sinó que també proporcionen un confort superior a cada ús. El seu teixit substituïble està pensat…</p>
